etermine j(-10).
-5
Let v(j) = -376754*j - 376765*j + 182 + 753496*j. What is v(9)?
-25
Suppose 136 - 378 = -11*y. Suppose -n + y = -5*u, 8*u - 2*n + 24 = 3*u. Let j(t) = -t**2 - t + 2. Give j(u).
-10
Let w(d) = 3*d - 37. Let j(q) = -4*q**3 + 4*q**2 + 6*q + 3. Let z be j(-1). Determine w(z).
-22
Suppose 14*r - 19*r - 53 = -3*s, -s = 5*r + 49. Let l(j) = -j**3 - 11*j**2 - 11*j + 12. Give l(r).
22
Let n = 3 + 3. Let o(s) = -1 - 17*s**2 - 7*s**2 + 67*s + 23*s**2 - 58*s. What is o(n)?
17
Let q(j) = -23*j**2. Let v be ((-4 + 3 + 0)*0)/1. Suppose -8 = 8*o - v. Determine q(o).
-23
Suppose -1 = -34*v - 27 - 42. Let c(d) = -2*d**3 - 4*d**2 - 3*d. What is c(v)?
6
Let g(k) = -k**3 - 42*k**2 - 77*k + 107. Suppose -4*q - 2*x = 170, 170 - 120 = -q - 2*x. Determine g(q).
-13
Suppose 5*g - 14 = -2*o, o + 27*g = 30*g + 18. Let u(z) = -z**3 + 12*z**2 + z - 5. Calculate u(o).
7
Suppose -2*v - 2*w + 3*w = -947, 4*v - 1885 = -w. Let q = 458 - v. Let i(g) = g**2 + 14*g - 2. Determine i(q).
-2
Let i(r) = -1. Let d(k) = k**2 - 9*k + 10. Let s(w) = d(w) + 2*i(w). Suppose -480 = 20*n - 24*n. Let x = n - 114. Give s(x).
-10
Let n = -1203 - -1281. Let j = 81 - n. Let d(i) = 5*i + i**3 + i**2 - 1 - 5*i**2 - 1. Calculate d(j).
4
Let x(b) = -b**3 + 51*b + 4. Let c(a) = 13*a. Let z(h) = 4*c(h) - x(h). Determine z(2).
6
Let r(j) = j - 2. Let s(y) = -35*y - 165. Let g(h) = -7*h - 33. Let c(w) = 11*g(w) - 2*s(w). Let d be c(-6). Let f = -5 + d. Give r(f).
2
Suppose 18*d = 1125 - 99. Let z be (7 - 161/21) + d/(-9). Let j(p) be the first derivative of -p**3/3 - 3*p**2 + 8*p + 2. What is j(z)?
1
Let l(w) = -11 - 3 - 2*w - 2. Suppose -300 = -55*p - 850. Give l(p).
4
Suppose -3*b = -m - 34, -4*b + 20 = -3*m - 32. Suppose b*z - 360 = -90. Suppose 4*x = -5*x + z. Let p(d) = -5*d + 2. Calculate p(x).
-13
Let m(n) = -n**3 - 13*n**2 + 14*n + 21. Let q(k) = -k**2 + k + 1. Let h(z) = -m(z) + 3*q(z). Determine h(-11).
-18
Suppose m - a - 4 = 0, 11*m - a = 12*m. Let y(b) = 309*b**2 - 308*b**2 + 3 - m. What is y(3)?
10
Let f = 7149 + -7149. Let g(n) = -2*n - 51. Calculate g(f).
-51
Let o(l) = l**2 + 7*l + 2. Let m be 10*(1 + 12/(-20)). Suppose 0 = -d + m, 100 = -0*r - 3*r + d. Let x be r/7 - (-76)/133. Calculate o(x).
-10
Let k(z) be the first derivative of -z + 1/2*z**2 + 24 - 2*z**3. Give k(-2).
-27
Suppose c + l = -6, -2*c - 2 = -2*l - 6. Let g(x) be the third derivative of x**3/6 - 3*x**2. Let t(s) = -8*s + 5. Let j(h) = -5*g(h) + t(h). Give j(c).
16
Let f(x) = -6*x - 134. Suppose 98*o - 143*o = -78*o - 693. What is f(o)?
-8
Let g(k) be the first derivative of -k**4/4 + 5*k**3/3 + 3*k**2 + 6*k + 1. Suppose 0 = 5*m - 2*y + 4*y - 27, -4*m - 5*y = -25. Calculate g(m).
36
Let r = 98 - 53. Let c be (-2)/15 + (-84)/r. Let m(y) = 3*y**3 + 4*y + 4. Let n(d) = 3*d**3 + 3*d + 3. Let f(g) = 6*m(g) - 7*n(g). What is f(c)?
21
Let t = -105 - -112. Let b(g) = -9 - 129*g**2 + g**3 + 3 + 125*g**2 - 2*g**3 - t*g. What is b(-4)?
22
Let j(x) = x - 8. Let k be j(10). Let i(z) = 56 + k*z + 58 - 108. Calculate i(-5).
-4
Let t(x) be the first derivative of 7*x**2 - 10*x + 3562. What is t(5)?
60
Suppose 5*l + 21 = 6, i - l - 83 = 0. Suppose -3*z + 3 = -0, -5*z = 5*n - i. Let w = n - 13. Let v(a) = -2*a - 1. Determine v(w).
-5
Let v = -371 - -383. Let d(f) = -6*f - 21*f**2 + 2 + 10*f**2 + v*f**2 + 0*f**2. Suppose -16 = -2*s - 2*s. Determine d(s).
-6
Let v = 51 - -235. Let q(y) = -146*y - 1 - 136*y + v*y. Determine q(-2).
-9
Let r(j) = -12*j**2 + j**3 + 55*j**2 - 11 - 17*j**2 - 44*j**2 + 18*j. Calculate r(17).
6
Let a(n) be the second derivative of 13/6*n**3 - 4 + 1/2*n**2 - 6*n. Let u(j) = j**2 + 2*j - 2. Let w be u(-3). Calculate a(w).
14
Let j(g) = g**3 + 11*g**2 + 24*g + 5. Let i be 12/9*(4 + -10). Let a be j(i). Let v(d) = -3*d + 1. Give v(a).
-14
Let o(z) be the second derivative of -z**5/20 + 13*z**4/12 - 5*z**3/3 - 5*z**2 + 15*z - 22. Calculate o(12).
14
Suppose 0 = -2*z + 4 - 22. Let d(s) = -8*s**2 - 2 + 100*s - s**3 + 158*s - 399*s + 154*s. What is d(z)?
-38
Let m = 2071 + -2068. Let l(c) = -c**2 + 2*c + 4. Give l(m).
1
Let n(d) = 5*d**2 - 23*d + 35. Let v(p) = -p**2 + 3*p. Let u(i) = n(i) + 4*v(i). Let k be u(4). Let c(j) = j - 13. Determine c(k).
-6
Let l(c) = 69 + 71 + 15 + c - 156. Let d be (-8)/(2/((-2)/1)). Give l(d).
7
Suppose -21*r + o = -16*r - 141, 2*r + o - 55 = 0. Let h(t) = -t + 37. What is h(r)?
9
Let m = 62 + -139. Let w = m + 199. Let j = w + -122. Let h(b) = b + 10. Give h(j).
10
Let x = 22421 + -22437. Let v(o) = -11*o - 158. Give v(x).
18
Let x(g) = -4*g**3 - 10*g**2 + 3. Let m(u) = 7*u**3 + 18*u**2 - 7. Let w be (-4 + 12/8)*2. Let n(y) = w*x(y) - 3*m(y). Give n(-5).
31
Let k(j) be the first derivative of j**5/60 - 13*j**4/24 - j**3/3 + 118*j + 26. Let v(l) be the third derivative of k(l). Give v(0).
-13
Let l(w) = 39*w**3 + 120*w**2 + 184*w + 147. Let k(o) = 17*o**3 + 51*o**2 + 79*o + 63. Let i(u) = 16*k(u) - 7*l(u). What is i(-23)?
2
Suppose -71*l - 1064 + 430 = -279. Let r(b) be the third derivative of -b**6/120 - b**5/12 + b**4/4 - b**3/2 - b**2. Calculate r(l).
-33
Let r(c) be the third derivative of c**7/2520 + 17*c**5/20 + 2*c**2 + 47*c. Let a(h) be the third derivative of r(h). What is a(3)?
6
Let h(v) = -v**2 - 4*v + 4. Let k be h(-5). Let t(y) = -206537 - 7*y**3 + 206538 - 7*y + 7*y. Determine t(k).
8
Let n = -102 + 82. Let z = -19 - n. Let i(c) = 2*c + 8 - 15 + 5 + z. Determine i(-1).
-3
Let c(k) = -k**2 - 4*k. Let u be 741/(-182) + (-7)/(-98). Calculate c(u).
0
Suppose -279*q - 1953 = -2790. Let m(b) be the first derivative of b**4/4 - b**3/3 - b**2/2 + 3*b - 1. Calculate m(q).
18
Let t(u) = -16*u**3 - 23*u**2 - 87*u + 64. Let b(o) = 3*o**3 + 5*o**2 + 17*o - 13. Let x(z) = -11*b(z) - 2*t(z). Give x(-7).
8
Let i be (-169 + 1)*(-2)/4. Let s = i - 68. Suppose p + 2*y - 10 = -p, -5*y + s = 2*p. Let v(d) = d**2 - 3*d - 1. Give v(p).
-1
Let m(z) be the third derivative of -z**6/120 + 2*z**5/5 + 49*z**4/24 + 27*z**3/2 - 2*z**2 - 2738*z. Give m(26).
3
Suppose -4*k - 2 = -9*k - 4*v, 3*k + 4*v - 6 = 0. Let x be -14*(-5 - 9/k). Suppose 0 = -x*n + n + 30. Let m(q) = -q**2 + 5*q - 1. Calculate m(n).
-1
Let w(z) be the second derivative of -3/2*z**3 + 0 - 7/2*z**2 - 1/12*z**4 + 4*z. Let i be 108/90*(0 + -9 - -4). Determine w(i).
11
Let i = 11 - 2. Suppose 0 = 2*w - 17 - i. Let q(c) = 265*c + c**2 - 1648 - 279*c + 1664. What is q(w)?
3
Suppose -4*c + 32 - 12 = 0. Suppose -c*h = -4*h - 2. Let o(f) = 3*f - 3 + f**3 - 4*f**3 + 2*f**3 + 2*f**2. What is o(h)?
3
Let y = -29910 - -29924. Let o(s) = s**3 - 15*s**2 + 15*s. Determine o(y).
14
Let d(o) = 1349*o + 13490. Let r be d(-10). Let j(z) = -3*z**2 + 5*z + 19. Let l(c) = 2*c**2 - 3*c - 10. Let g(y) = -3*j(y) - 5*l(y). Give g(r).
-7
Let k(d) = 17*d - 1. Suppose 3*c - c + 3*z = -346, 5*z = 4*c + 648. Let s = c - -166. Calculate k(s).
-18
Let g(t) = t**3 - 7*t**2 + 4*t + 14. Suppose 105 = -41*s + 351. Determine g(s).
2
Let z(g) = -g + 16. Let y(f) = -f + 17. Let s(p) = -3*y(p) + 4*z(p). Let n(u) = 26*u - 248. Let t be n(10). Give s(t).
1
Let j(p) = 52*p + 8. Let u(n) = 93*n + 15. Let k(s) = -7*j(s) + 4*u(s). What is k(5)?
44
Suppose -16*r - 124 = -20*r. Suppose 4*w + 5*p = 4*p - r, 2*w = 4*p - 2. Let m(h) = -h**3 - 7*h**2 - h - 2. Give m(w).
5
Let w(t) = -22*t - 149. Let m be w(-7). Let g(b) = -8*b**2 + 7*b**2 + 9 + m*b + 4*b. Calculate g(7).
23
Let r be (-26)/5*(-15)/6. Let i = r - 17. Let n(y) = 3 + y + 4 + 0*y - 5. What is n(i)?
-2
Let i(o) = -63*o**2 + 434*o + 57. Let x be i(7). Let k = 4 - 2. Let u(a) = -10*a + a**2 + k*a**3 + 8*a**2 - 3*a**3 + 12. Determine u(x).
-4
Suppose -8*y + 9*y = 6*y. Suppose 180*x - 173*x - 28 = y. Let s(c) = -c**2 + 5*c - 1. Calculate s(x).
3
Let s be (-2 + 15)/((-2)/2). Let x = -7 - s. Let y(g) = -9*g + g - 5 - 5*g + g**3 - 5*g**2 + 8*g - 2. Give y(x).
-1
Let j(k) = -4*k + 303*k**2 - 2 - 5915*k**2 + 5611*k**2. Let a be (-19)/4 + (-2)/8. Determine j(a).
-7
Suppose -12*j + 6*j = -66. Let b(n) = -10 - 5 + n + j - 3 + 0. Let a be 5/((-1 - 2)/(-3)). Determine b(a).
-2
Let d(p) = -7*p**2 + 2*p + 5. Let v(g) = -9*g**2 + g + 9. Let o(a) = -4*d(a) + 3*v(a). Let z(m) = -m**2 + 7*m + 5. Let y be z(7). Give o(y).
7
Suppose 10*y + 637 = -14*y - 251. Let a(m) = m**3 + 36*m**2 - 36*m + 16. What is a(y)?
-21
Let h(v) = 32*v 